vided by 25.
13
What is the remainder when 374 is divided by ((-11)/(495/1152))/(8/(-20))?
54
Suppose 3*r = 5*g - 238, 4718*g - 4723*g + 216 = -r. Suppose -4*h = h - 35. Calculate the remainder when g is divided by h.
6
Calculate the remainder when (2452/7)/1 + (216/28 - 8) is divided by 168.
14
Let g(x) = 64*x**3 - x**2 - 5*x + 1. Let c be g(-2). Let o = 557 + c. Calculate the remainder when o is divided by 16.
4
Suppose -45 = -6*i + 51. Let s = -24 + i. Let m(v) = -2*v - 4. Calculate the remainder when 31 is divided by m(s).
7
Let g be ((-10)/3)/((-2)/3). Let z be (5/(245/84))/((-12)/(-56)). Suppose -g*v - 30 = -z*v. Calculate the remainder when 12 is divided by v.
2
Suppose 0 = -199*y + 401*y - 204*y + 272. What is the remainder when 184 is divided by y?
48
Let t = -83 - -134. Suppose 75*o + t = 78*o. Calculate the remainder when 21 is divided by o.
4
Let f(p) = 2*p**2 + 17*p - 5. Let a be f(-9). Calculate the remainder when 233 is divided by (-445)/(-10) - (30/a)/(-3).
45
Suppose -5*u + 1594 = 3*b, -4*b + 2158 = -499*u + 501*u. Calculate the remainder when b is divided by 138.
129
Let z(h) = 15*h**2 + 12*h + 5. Let g be z(-4). Suppose 423 = 20*q - g. What is the remainder when 185 is divided by q?
30
Let r(q) = -74*q + 1. Let p be r(-1). Suppose 4*h = 25 + p. What is the remainder when 299 is divided by h?
24
Let m = -320 - 189. Let h = -331 - m. Calculate the remainder when h is divided by 30.
28
Suppose 9*h + 247 = 724. Suppose 3*d = -r + h, 0*d = -4*d + 4. What is the remainder when r is divided by -4*3/(-36)*51?
16
Let i be (-12)/(-14) + 27/(-7) + 5. Suppose 5*f = 4*p + 44 + 6, -f + i*p = -4. What is the remainder when 67 is divided by f?
11
Suppose -2*n + 1925 = 5*q - 3*n, 3*q + 2*n = 1142. Calculate the remainder when q is divided by (-35)/20*(-9 + (-30)/(-6)).
6
Let q = 12592 + -12411. Calculate the remainder when q is divided by 19.
10
Let d(i) = 8*i**2 - 2. Suppose -3*h + 3*t = -8*h - 5, -5 = -5*h - t. Let s be d(h). Suppose -2*k + 132 + s = 0. Calculate the remainder when k is divided by 14.
11
Let d(p) = p**3 + 56*p**2 + 149*p - 127. Calculate the remainder when d(-53) is divided by 86.
59
Suppose -87*v = 135*v - 11544. What is the remainder when 389 is divided by v?
25
Let q = -283 - -295. Let i(l) = -l**3 + 13*l**2 - 18*l + 85. Calculate the remainder when 48 is divided by i(q).
9
Let l(c) be the second derivative of 4*c**3/3 + 41*c**2 + 89*c. What is the remainder when 34/4*(-6)/(-1) is divided by l(-8)?
15
Let i(t) = 26*t + 5. Let g(r) = -5*r - 1. Let a(q) = -11*g(q) - 2*i(q). Let k be a(0). What is the remainder when (-3 + k)*(-548)/8 is divided by 35?
32
Let d be 2 + (-4 - -65) + 4/2. Calculate the remainder when d + (-15)/9*3 is divided by 7.
4
Let f = -49 + 62. Suppose -10*a = -f*a + 12. Suppose -113 = -a*g - n, -12 = 3*g - 5*n - 68. Calculate the remainder when 132 is divided by g.
24
Let i be 44/(-10) - 4/(-10). Suppose -106*q - 239*q + 4830 = 0. Calculate the remainder when q is divided by 7 - (i/(-2) - 0).
4
Let v(w) = -3*w - 3*w + w**2 + 24 + 0*w + 4*w**2. Let i be v(6). Suppose -b = 4*y - 42, -b + i = 3*b + y. What is the remainder when b is divided by 11?
9
Let t(z) = z**2 + 2*z + 4. Let j be t(-2). Suppose -2*o + 162 = j*o. Let n(c) = -c**2 + 6*c - 3. What is the remainder when o is divided by n(3)?
3
Let n(f) = 94*f**2 + 1872*f - 23. Let q(u) = 12*u - 4. Calculate the remainder when n(-20) is divided by q(2).
17
Let n = 112 - 161. Let v = -16 - n. Calculate the remainder when 1/(-1) - (-131)/2*2 is divided by v.
31
What is the remainder when (10488/190)/(8/120) is divided by 210?
198
Suppose -3*i + 329 = -307. Calculate the remainder when i is divided by 109.
103
What is the remainder when 37173 is divided by (-408)/(-54) + (-20)/990*-22?
5
Suppose -c - 2*b = 3*b - 55, 0 = c - 5*b - 25. What is the remainder when c is divided by ((-53)/4 - -13)*-28?
5
Suppose 108 = -522*v + 525*v. What is the remainder when 1223 is divided by v?
35
Let q = 1996 + -1924. Calculate the remainder when q is divided by 24.
0
Let d(n) = -18*n**2 - 8*n + 22 - 40 + 25 - n**3. What is the remainder when d(-18) is divided by 5?
1
What is the remainder when 37/((-6828)/(-504) + -12 - 3/2) is divided by 46?
41
Calculate the remainder when (-36080)/(-492)*46*9/24 is divided by 38.
11
Let a = 5083 + -706. Calculate the remainder when a is divided by 12.
9
Let v(x) = 10*x**2 + 79*x + 548. Calculate the remainder when v(-7) is divided by 121.
1
Calculate the remainder when (-8 - (577 - -7))*(3 + -4) is divided by 292.
8
Suppose 107*g - 4959 = 98*g. What is the remainder when g/87 - (-2)/(-6) is divided by 5?
1
Let z be 154/10 + -10 + (-3)/(-5). Calculate the remainder when 285 is divided by (z/(-7))/((-16)/336).
15
Let a(t) = -11*t**3 - t. Suppose -2*l = 97*l - 479*l + 44840. Calculate the remainder when l is divided by a(-1).
10
Let s(r) = -r**2 - 12*r - 11. Let h be s(-11). Suppose h = j + 416 - 421. What is the remainder when 9 is divided by j?
4
Suppose 392*x - 386*x = 2076. Suppose -5*l - 59 = -i, 5*i + 53*l - 49*l - 179 = 0. Calculate the remainder when x is divided by i.
34
Let f(o) be the second derivative of -23*o**5/5 - o**4/12 - o**3/6 - o**2/2 - o. Calculate the remainder when f(-1) is divided by 48*((-4)/(-9) + 108/486).
27
Suppose -4*v = 136 - 276. Let y = -94 + 134. Let f = y - v. Calculate the remainder when 7 is divided by f.
2
What is the remainder when (560/(-15))/7*(-66)/4 is divided by (-60)/(-18)*(3 + -12)*-1?
28
Let j(l) = -l**2 + 3*l - 3. Let y be j(2). Calculate the remainder when ((-4)/2)/(-67 - 38709/(-578)) is divided by (2 + -25 + -1)/y.
20
Calculate the remainder when 505 + (-11 - 2) + 4 is divided by 247.
2
Let o = 474 + -388. Let p = -66 - -86. What is the remainder when o is divided by p?
6
Suppose 129 - 3 = 7*f. Suppose -3 - 24 = -a. Calculate the remainder when a is divided by f.
9
Suppose -7*c + 4*c = -78. Let q(k) = -15 + c*k + 27*k - 60*k. What is the remainder when q(-10) is divided by 19?
17
Suppose 11 = 4*q + 3*m - 66, 5*q - 2*m = 125. Let z be 20/(-6)*(-4 + 11/5). Suppose t = -a + z, -2*a - 9 = -t + 6. What is the remainder when q is divided by t?
5
Let i(o) = 52*o - 1. Let d = -165 - -166. What is the remainder when i(d) is divided by 7?
2
Let s = 4976 - 4950. What is the remainder when 73 is divided by s?
21
Let x be 10/(-20)*(-3 + 3). Let l = -6 + 8. Suppose x = -3*z - z + l*n + 378, 0 = -3*z - 2*n + 301. Calculate the remainder when z is divided by 25.
22
Let z(f) = 7*f**3 + 54*f**2 - 51*f - 228. Calculate the remainder when -1 + -1 - (-105)/1 is divided by z(-8).
51
What is the remainder when 930*8*(-80)/(-64) is divided by 131?
130
Suppose -79 = -4*c - 23. Let k be (-7)/c + 1362/(-4). Let r = -127 - k. Calculate the remainder when r is divided by 31.
28
Calculate the remainder when 4996 is divided by ((-8715)/(25 - 4))/((-2)/8).
16
Let d(t) = -2*t + 14. Let w(z) = 10*z + z**2 - 3*z + 8*z + 4*z + 3. Calculate the remainder when w(-22) is divided by d(0).
13
Let u(p) = -p**3 - 6*p**2 - p + 3. Suppose 24 + 54 = -13*c. Calculate the remainder when 44 is divided by u(c).
8
Let o(k) = 27*k + 1190. Suppose 2*j = 5*b - 12, 5*b - 15 = j + 4*j. Suppose b*f - 36 - 6 = 0. Calculate the remainder when o(-42) is divided by f.
14
Let n = -8249 + 8454. What is the remainder when 207 is divided by n?
2
Let j = -2597 - -3010. Calculate the remainder when j is divided by 138.
137
Let k be 111/(-18)*2*3. Let t = 163 + k. Suppose 2*w + 2*w - 3*f = t, 4 = -2*f. Calculate the remainder when w is divided by 8.
6
Suppose -28*t = 115 + 249. Let v(r) = 2*r**2 + 15*r + 46. What is the remainder when v(t) is divided by 67?
55
Let z be ((-162)/(-5))/(1/5). Suppose -5*t = t - z. Let h(l) = -11*l - 163. What is the remainder when h(-24) is divided by t?
20
Let w(n) = n**3 - 12*n**2 + 70*n - 353. Calculate the remainder when w(9) is divided by 154/8 + 1/(-4).
15
Calculate the remainder when 429 is divided by (-54)/36 - (-2)/(-5)*255/(-12).
2
What is the remainder when 2 - 3/(-1)*39 is divided by (-12)/(-22) - 10032/(-242)?
35
Suppose -11 = -s + 3. Let g = s - -11. Let d(r) = -2*r**3 - 5*r**2 + 7*r + 7. Calculate the remainder when d(-5) is divided by g.
22
What is the remainder when 643 is divided by (-63)/6*(500/(-15))/25?
